{"id":38,"date":"2019-11-11T16:40:53","date_gmt":"2019-11-11T16:40:53","guid":{"rendered":"http:\/\/www.ctc2018.cl\/?page_id=38"},"modified":"2019-11-11T16:40:53","modified_gmt":"2019-11-11T16:40:53","slug":"la-ctc-y-chile","status":"publish","type":"page","link":"https:\/\/www.confederaciondelcobre.cl\/index.php\/la-ctc-y-chile\/","title":{"rendered":"La CTC y Chile"},"content":{"rendered":"\n<p>Nuestra Confederaci\u00f3n surgi\u00f3 porque en Chile se cre\u00f3 la figura del trabajador subcontratado, aquel que cumpliendo la misma tarea que el de planta, depende de otra empresa , esta figura contractual surgi\u00f3 con la dictadura y los gobiernos que la siguieron, mantuvieron y profundizaron dicho modelo.&nbsp;Trabajamos con el Cobre, nuestra principal riqueza b\u00e1sica, la que nacionaliz\u00f3 el gobierno de Salvador Allende y que la dictadura desmantel\u00f3, para que luego la Concertaci\u00f3n terminara de entregarla a trasnacionales, por lo mismo, es la historia la que nos obliga a tomar posici\u00f3n sobre lo que pasa en Chile.<\/p>\n\n\n\n<p><strong>No creemos en un sindicalismo corporativista<\/strong>, que solo se preocupa de reivindicaciones econ\u00f3micas, puesto que lo que pase con la pol\u00edtica determina directamente nuestras vidas.<\/p>\n\n\n\n<p>La Confederaci\u00f3n de trabajadores del Cobre, levanta las banderas de la justicia social y de la mas amplia unidad de todos quienes luchan contra el actual modelo econ\u00f3mico.&nbsp;Entendemos que para lograr un chile m\u00e1s justo, es b\u00e1sico tener una nueva constituci\u00f3n, la que debe ser definida por todos los chilenos, sin imposiciones.<\/p>\n\n\n\n<h4 class=\"wp-block-heading\"><strong>Para lograr estos cambios, la CTC reivindica todas las formas de lucha que el pueblo adopte.<\/strong><\/h4>\n\n\n\n<p>Somos parte de las luchas estudiantiles, sindicales y sociales en general, pero tambi\u00e9n defendemos el derecho de los trabajadores a que su voz sea escuchada en el Congreso nacional, del cual la constituci\u00f3n pinochetista nos quiere dejar afuera.\u00a0La Constituci\u00f3n de ese Chile porque que luchamos debe reconocer el derecho a una educaci\u00f3n, salud y vivienda de calidad y para todos.<\/p>\n\n\n\n<p>Esa nueva carta magna debe reconocer al Estado como un sujeto econ\u00f3mico que garantiza los derechos de la poblaci\u00f3n.<\/p>\n\n\n\n<p>Chile debe tener un nuevo c\u00f3digo laboral, que asegure nuestros derechos y donde se erradiquen definitivamente las practicas anti sindicales, asegurando el derecho a huelga real.<br>Como trabajadores del Cobre, luchamos por la recuperaci\u00f3n de todos nuestros recursos naturales, en especial, el cobre que es el motor de nuestra econom\u00eda.<\/p>\n","protected":false},"excerpt":{"rendered":"<p>Nuestra Confederaci\u00f3n surgi\u00f3 porque en Chile se cre\u00f3 la figura del trabajador subcontratado, aquel que cumpliendo la misma tarea que el de planta, depende de otra empresa , esta figura &hellip; <\/p>\n","protected":false},"author":1,"featured_media":0,"parent":0,"menu_order":0,"comment_status":"closed","ping_status":"closed","template":"","meta":{"jetpack_post_was_ever_published":false,"footnotes":""},"class_list":["post-38","page","type-page","status-publish","hentry"],"jetpack_sharing_enabled":true,"post_mailing_queue_ids":[],"_links":{"self":[{"href":"https:\/\/www.confederaciondelcobre.cl\/index.php\/wp-json\/wp\/v2\/pages\/38","targetHints":{"allow":["GET"]}}],"collection":[{"href":"https:\/\/www.confederaciondelcobre.cl\/index.php\/wp-json\/wp\/v2\/pages"}],"about":[{"href":"https:\/\/www.confederaciondelcobre.cl\/index.php\/wp-json\/wp\/v2\/types\/page"}],"author":[{"embeddable":true,"href":"https:\/\/www.confederaciondelcobre.cl\/index.php\/wp-json\/wp\/v2\/users\/1"}],"replies":[{"embeddable":true,"href":"https:\/\/www.confederaciondelcobre.cl\/index.php\/wp-json\/wp\/v2\/comments?post=38"}],"version-history":[{"count":1,"href":"https:\/\/www.confederaciondelcobre.cl\/index.php\/wp-json\/wp\/v2\/pages\/38\/revisions"}],"predecessor-version":[{"id":39,"href":"https:\/\/www.confederaciondelcobre.cl\/index.php\/wp-json\/wp\/v2\/pages\/38\/revisions\/39"}],"wp:attachment":[{"href":"https:\/\/www.confederaciondelcobre.cl\/index.php\/wp-json\/wp\/v2\/media?parent=38"}],"curies":[{"name":"wp","href":"https:\/\/api.w.org\/{rel}","templated":true}]}}

<p>Nuestra Confederación surgió porque en Chile se creó la figura del trabajador subcontratado, aquel que cumpliendo la misma tarea que el de planta, depende de otra empresa , esta figura contractual surgió con la dictadura y los gobiernos que la siguieron, mantuvieron y profundizaron dicho modelo.&nbsp;Trabajamos con el Cobre, nuestra principal riqueza básica, la que nacionalizó el gobierno de Salvador Allende y que la dictadura desmanteló, para que luego la Concertación terminara de entregarla a trasnacionales, por lo mismo, es la historia la que nos obliga a tomar posición sobre lo que pasa en Chile.</p>



<p><strong>No creemos en un sindicalismo corporativista</strong>, que solo se preocupa de reivindicaciones económicas, puesto que lo que pase con la política determina directamente nuestras vidas.</p>



<p>La Confederación de trabajadores del Cobre, levanta las banderas de la justicia social y de la mas amplia unidad de todos quienes luchan contra el actual modelo económico.&nbsp;Entendemos que para lograr un chile más justo, es básico tener una nueva constitución, la que debe ser definida por todos los chilenos, sin imposiciones.</p>



<h4 class="wp-block-heading"><strong>Para lograr estos cambios, la CTC reivindica todas las formas de lucha que el pueblo adopte.</strong></h4>



<p>Somos parte de las luchas estudiantiles, sindicales y sociales en general, pero también defendemos el derecho de los trabajadores a que su voz sea escuchada en el Congreso nacional, del cual la constitución pinochetista nos quiere dejar afuera. La Constitución de ese Chile porque que luchamos debe reconocer el derecho a una educación, salud y vivienda de calidad y para todos.</p>



<p>Esa nueva carta magna debe reconocer al Estado como un sujeto económico que garantiza los derechos de la población.</p>



<p>Chile debe tener un nuevo código laboral, que asegure nuestros derechos y donde se erradiquen definitivamente las practicas anti sindicales, asegurando el derecho a huelga real.<br>Como trabajadores del Cobre, luchamos por la recuperación de todos nuestros recursos naturales, en especial, el cobre que es el motor de nuestra economía.</p>

<p>Nuestra Confederación surgió porque en Chile se creó la figura del trabajador subcontratado, aquel que cumpliendo la misma tarea que el de planta, depende de otra empresa , esta figura &hellip; </p>
