{"id":40,"date":"2019-11-11T16:47:46","date_gmt":"2019-11-11T16:47:46","guid":{"rendered":"http:\/\/www.ctc2018.cl\/?page_id=40"},"modified":"2019-11-11T16:47:46","modified_gmt":"2019-11-11T16:47:46","slug":"historia","status":"publish","type":"page","link":"https:\/\/www.confederaciondelcobre.cl\/index.php\/historia\/","title":{"rendered":"Historia"},"content":{"rendered":"\n<h2 class=\"wp-block-heading\"><strong>Los logros hist\u00f3ricos de la Confederaci\u00f3n de Trabajadores del Cobre (CTC)<\/strong><\/h2>\n\n\n\n<p>La evidencia nos ha demostrado que,&nbsp;<strong>mientras los trabajadores sigamos avanzando en organizaci\u00f3n, lucha y unidad; los logros y reivindicaciones laborales ser\u00e1n posibles<\/strong>. Hist\u00f3ricamente, incluso contra el perverso Plan Laboral establecido durante la dictadura c\u00edvico-militar, el Movimiento Sindical se ha adelantado a los procesos sociales. La v\u00eda de los hechos, entonces, nos ha demostrado que no hay obst\u00e1culo m\u00e1s grande que la divis\u00f3n de los trabajadores. \u00c9sta, s\u00f3lo se puede combatir con organizaci\u00f3n sindical.<\/p>\n\n\n\n<p>Pese a que&nbsp;<strong>los \u00faltimos gobiernos de Derecha y Concertaci\u00f3n se han encargado de profundizar las discriminaciones, contradicciones de clase,<\/strong>&nbsp;condiciones laborales, remuneracionales; la&nbsp;<strong>Confederaci\u00f3n de Trabajadores del Cobre (CTC)<\/strong>&nbsp;no pierde el foco, muy por el contrario, hemos comenzado un nuevo ciclo organizacional, evidenciando que&nbsp;<strong>\u201ccon unidad, la \u00faltima palabra ser\u00e1 la del trabajador\u201d.<\/strong><\/p>\n\n\n\n<h2 class=\"wp-block-heading\">La primera GRAN experiencia: Huelga de 37 D\u00edas<\/h2>\n\n\n\n<p><strong>Las masivas y transversales huelgas que impulsaron los trabajadores subcontratistas de la Miner\u00eda, de la mano de la CTC<\/strong><strong>durante 2007 y 2008,<\/strong>&nbsp;marcaron&nbsp;<strong>\u201cel despertar de los trabajadores precarizados en el sector\u201d.&nbsp;<\/strong>Frente a las nuevas formas de explotaci\u00f3n; la organizaci\u00f3n conquist\u00f3 la primera experiencia de Negociaci\u00f3n Colectiva Ramal, desde el r\u00e9gimen&nbsp;<em>pinochetista<\/em>&nbsp;hasta la fecha.<\/p>\n\n\n\n<p>En aquella instancia, los trabajadores del cobre exigieron a&nbsp;<strong>Codelco<\/strong>&nbsp;establecer las condiciones m\u00ednimas para los subcontratistas y el resguardo de sus derechos laborales. Esto, producto del fundamental rol que hist\u00f3ricamente han tenido los trabajadores del sector, en el cumplimiento de los objetivos y metas de la producci\u00f3n de la \u201ccupr\u00edfera estatal\u201d y, por lo tanto, de las arcas del Estado de Chile.<\/p>\n\n\n\n<p>As\u00ed, en el&nbsp;<strong>2007 y luego de 37 d\u00edas de huelga, la Confederaci\u00f3n de Trabajadores del Cobre (CTC) consigui\u00f3 ratificar con la mandante el Primer Acuerdo Marco del sector<\/strong>, el cual permite a los trabajadores subcontratistas acceder a bonos y beneficios que nunca antes hab\u00edan alcanzado. No hablamos de bonos m\u00e1s o bonos menos, hablamos de la conquista de los derechos sociales y laborales de los trabajadores.<\/p>\n\n\n\n<p>La estrategia utilizada por la CTC, que combina con inteligencia un gran poder movilizador y una gran capacidad de di\u00e1logo de cara a una negociaci\u00f3n ramal , rindi\u00f3 frutos concretos para sus trabajadores, inici\u00e1ndose un proceso irreversible de cambios y conquistas de los derechos laborales.<\/p>\n\n\n\n<p>Sin duda, este Acuerdo Marco marc\u00f3 precedentes y el primer hito de negociaci\u00f3n colectiva ramal en la historia reciente de Chile. El trabajo es constante y peri\u00f3dico. En esa l\u00ednea, en agosto de 2013, la&nbsp;<strong>Confederaci\u00f3n de Trabajadores del Cobre<\/strong><strong>(CTC)<\/strong>&nbsp;ratific\u00f3 el documento ramal, instando a Codelco y Agema a cumplir con lo comprometido en 2007.<\/p>\n\n\n\n<h2 class=\"wp-block-heading\">El Acuerdo Marco Ramal que cambi\u00f3 la forma de organizarse en la Miner\u00eda Privada<\/h2>\n\n\n\n<p>El&nbsp;<strong>11 de abril de 2014, la CTC y AngloAmerican suscribieron el Primer Acuerdo Marco Ramal en la Miner\u00eda Privada<\/strong>. Esta victoria&nbsp;<strong>conseguida con tes\u00f3n, organizaci\u00f3n intersindical, disciplina y movilizaciones, constituye un hito en s\u00ed mismo<\/strong>, por cuanto significa el primer instrumento de Negociaci\u00f3n Colectiva Ramal en el sector Privado, y el primero con una transnacional.<\/p>\n\n\n\n<p>Al igual que el Acuerdo Marco ratificado entre la CTC y Codelco,&nbsp;<strong>los beneficios y derechos conquistados en esta segunda experiencia ramal se extienden a todos los trabajadores que actualmente est\u00e1n bajo la figura perversa del subcontrato; independiente de la faenas y lugar de desempe\u00f1o.<\/strong><\/p>\n\n\n\n<p>El hito se firm\u00f3 ante&nbsp;<strong>la Direcci\u00f3n Nacional del Trabajo (DT), quienes como \u201cministros de fe\u201d valoraron el Acuerdo Marco<\/strong>, catalog\u00e1ndolo como \u201cel comienzo de un camino fruct\u00edfero para lograr grandes cosas\u201d.<\/p>\n\n\n\n<h2 class=\"wp-block-heading\">Algunos de los derechos conquistados en los Acuerdo Marco<\/h2>\n\n\n\n<p>Los contratos por m\u00e1s de 6 meses, se reajustar\u00e1n trimestralmente y las remuneraciones seg\u00fan la variaci\u00f3n del \u00cdndice al Precio del Consumidor (IPC).&nbsp; Cuando \u00e9ste sea negativo, no se aplicar\u00e1.<\/p>\n\n\n\n<p>\u21a6&nbsp;&nbsp;&nbsp; Las horas extraordinarias se cancelar\u00e1n tomando en cuenta el sueldo base y toda remuneraci\u00f3n mensual variable imponible, excluidos los haberes ocasionales.<\/p>\n\n\n\n<p>\u21a6&nbsp;&nbsp; Se pagar\u00e1 la gratificaci\u00f3n mensual garantizada seg\u00fan el art\u00edculo 50 del C\u00f3digo del Trabajo. En este caso se asegura que cualquiera sea el monto de la remuneraci\u00f3n del trabajador, siempre se pagara al tope de $83.121, lo que beneficia principalmente a los trabajadores m\u00e1s precarizados.<\/p>\n\n\n\n<p>\u21a6&nbsp;&nbsp;&nbsp; Los trabajadores que tengan contrato vigente desde cuatro meses a dieciocho meses, se cancelar\u00e1 como indemnizaci\u00f3n 2.5 d\u00edas por mes trabajado, para el caso de los trabajadores que tengan contrato por obra o faena despu\u00e9s de los cuatro meses se les pagar\u00e1 2.5 d\u00edas por mes hasta la vigencia del contrato.<\/p>\n\n\n\n<p>\u21a6&nbsp;&nbsp;&nbsp; Los trabajadores contamos con un seguro de muerte accidental o invalidez ascendente a 2.500 UF.<\/p>\n\n\n\n<p>\u21a6&nbsp;&nbsp;&nbsp; Cumplimiento a la Ley 19.404 sobre trabajo pesado.<\/p>\n\n\n\n<p>\u21a6&nbsp;&nbsp;&nbsp; Seguro Complementario de Salud.<\/p>\n\n\n\n<p>\u21a6&nbsp;&nbsp;&nbsp; Becas escolares para nuestros hijos.<\/p>\n\n\n\n<p>\u21a6&nbsp;&nbsp;&nbsp; Fondo \u00danico de vivienda concursable.<\/p>\n\n\n\n<p>\u21a6&nbsp;&nbsp;&nbsp; Sueldos pisos de $ 300.000.-<\/p>\n\n\n\n<p>\u21a6&nbsp;&nbsp;&nbsp; Un bono anual que incluye un&nbsp;bono&nbsp;de asistencia cuatrimestral y un&nbsp;bono&nbsp;por producci\u00f3n anual y que suma en total desde 2013 de $ 1.000.000.- Este bono se reajusta seg\u00fan el IPC y es imponible.<\/p>\n","protected":false},"excerpt":{"rendered":"<p>Los logros hist\u00f3ricos de la Confederaci\u00f3n de Trabajadores del Cobre (CTC) La evidencia nos ha demostrado que,&nbsp;mientras los trabajadores sigamos avanzando en organizaci\u00f3n, lucha y unidad; los logros y reivindicaciones &hellip; <\/p>\n","protected":false},"author":1,"featured_media":0,"parent":0,"menu_order":0,"comment_status":"closed","ping_status":"closed","template":"","meta":{"jetpack_post_was_ever_published":false,"footnotes":""},"class_list":["post-40","page","type-page","status-publish","hentry"],"jetpack_sharing_enabled":true,"post_mailing_queue_ids":[],"_links":{"self":[{"href":"https:\/\/www.confederaciondelcobre.cl\/index.php\/wp-json\/wp\/v2\/pages\/40","targetHints":{"allow":["GET"]}}],"collection":[{"href":"https:\/\/www.confederaciondelcobre.cl\/index.php\/wp-json\/wp\/v2\/pages"}],"about":[{"href":"https:\/\/www.confederaciondelcobre.cl\/index.php\/wp-json\/wp\/v2\/types\/page"}],"author":[{"embeddable":true,"href":"https:\/\/www.confederaciondelcobre.cl\/index.php\/wp-json\/wp\/v2\/users\/1"}],"replies":[{"embeddable":true,"href":"https:\/\/www.confederaciondelcobre.cl\/index.php\/wp-json\/wp\/v2\/comments?post=40"}],"version-history":[{"count":1,"href":"https:\/\/www.confederaciondelcobre.cl\/index.php\/wp-json\/wp\/v2\/pages\/40\/revisions"}],"predecessor-version":[{"id":41,"href":"https:\/\/www.confederaciondelcobre.cl\/index.php\/wp-json\/wp\/v2\/pages\/40\/revisions\/41"}],"wp:attachment":[{"href":"https:\/\/www.confederaciondelcobre.cl\/index.php\/wp-json\/wp\/v2\/media?parent=40"}],"curies":[{"name":"wp","href":"https:\/\/api.w.org\/{rel}","templated":true}]}}

<h2 class="wp-block-heading"><strong>Los logros históricos de la Confederación de Trabajadores del Cobre (CTC)</strong></h2>



<p>La evidencia nos ha demostrado que,&nbsp;<strong>mientras los trabajadores sigamos avanzando en organización, lucha y unidad; los logros y reivindicaciones laborales serán posibles</strong>. Históricamente, incluso contra el perverso Plan Laboral establecido durante la dictadura cívico-militar, el Movimiento Sindical se ha adelantado a los procesos sociales. La vía de los hechos, entonces, nos ha demostrado que no hay obstáculo más grande que la divisón de los trabajadores. Ésta, sólo se puede combatir con organización sindical.</p>



<p>Pese a que&nbsp;<strong>los últimos gobiernos de Derecha y Concertación se han encargado de profundizar las discriminaciones, contradicciones de clase,</strong>&nbsp;condiciones laborales, remuneracionales; la&nbsp;<strong>Confederación de Trabajadores del Cobre (CTC)</strong>&nbsp;no pierde el foco, muy por el contrario, hemos comenzado un nuevo ciclo organizacional, evidenciando que&nbsp;<strong>“con unidad, la última palabra será la del trabajador”.</strong></p>



<h2 class="wp-block-heading">La primera GRAN experiencia: Huelga de 37 Días</h2>



<p><strong>Las masivas y transversales huelgas que impulsaron los trabajadores subcontratistas de la Minería, de la mano de la CTC</strong><strong>durante 2007 y 2008,</strong>&nbsp;marcaron&nbsp;<strong>“el despertar de los trabajadores precarizados en el sector”.&nbsp;</strong>Frente a las nuevas formas de explotación; la organización conquistó la primera experiencia de Negociación Colectiva Ramal, desde el régimen&nbsp;<em>pinochetista</em>&nbsp;hasta la fecha.</p>



<p>En aquella instancia, los trabajadores del cobre exigieron a&nbsp;<strong>Codelco</strong>&nbsp;establecer las condiciones mínimas para los subcontratistas y el resguardo de sus derechos laborales. Esto, producto del fundamental rol que históricamente han tenido los trabajadores del sector, en el cumplimiento de los objetivos y metas de la producción de la “cuprífera estatal” y, por lo tanto, de las arcas del Estado de Chile.</p>



<p>Así, en el&nbsp;<strong>2007 y luego de 37 días de huelga, la Confederación de Trabajadores del Cobre (CTC) consiguió ratificar con la mandante el Primer Acuerdo Marco del sector</strong>, el cual permite a los trabajadores subcontratistas acceder a bonos y beneficios que nunca antes habían alcanzado. No hablamos de bonos más o bonos menos, hablamos de la conquista de los derechos sociales y laborales de los trabajadores.</p>



<p>La estrategia utilizada por la CTC, que combina con inteligencia un gran poder movilizador y una gran capacidad de diálogo de cara a una negociación ramal , rindió frutos concretos para sus trabajadores, iniciándose un proceso irreversible de cambios y conquistas de los derechos laborales.</p>



<p>Sin duda, este Acuerdo Marco marcó precedentes y el primer hito de negociación colectiva ramal en la historia reciente de Chile. El trabajo es constante y periódico. En esa línea, en agosto de 2013, la&nbsp;<strong>Confederación de Trabajadores del Cobre</strong><strong>(CTC)</strong>&nbsp;ratificó el documento ramal, instando a Codelco y Agema a cumplir con lo comprometido en 2007.</p>



<h2 class="wp-block-heading">El Acuerdo Marco Ramal que cambió la forma de organizarse en la Minería Privada</h2>



<p>El&nbsp;<strong>11 de abril de 2014, la CTC y AngloAmerican suscribieron el Primer Acuerdo Marco Ramal en la Minería Privada</strong>. Esta victoria&nbsp;<strong>conseguida con tesón, organización intersindical, disciplina y movilizaciones, constituye un hito en sí mismo</strong>, por cuanto significa el primer instrumento de Negociación Colectiva Ramal en el sector Privado, y el primero con una transnacional.</p>



<p>Al igual que el Acuerdo Marco ratificado entre la CTC y Codelco,&nbsp;<strong>los beneficios y derechos conquistados en esta segunda experiencia ramal se extienden a todos los trabajadores que actualmente están bajo la figura perversa del subcontrato; independiente de la faenas y lugar de desempeño.</strong></p>



<p>El hito se firmó ante&nbsp;<strong>la Dirección Nacional del Trabajo (DT), quienes como “ministros de fe” valoraron el Acuerdo Marco</strong>, catalogándolo como “el comienzo de un camino fructífero para lograr grandes cosas”.</p>



<h2 class="wp-block-heading">Algunos de los derechos conquistados en los Acuerdo Marco</h2>



<p>Los contratos por más de 6 meses, se reajustarán trimestralmente y las remuneraciones según la variación del Índice al Precio del Consumidor (IPC).&nbsp; Cuando éste sea negativo, no se aplicará.</p>



<p>↦&nbsp;&nbsp;&nbsp; Las horas extraordinarias se cancelarán tomando en cuenta el sueldo base y toda remuneración mensual variable imponible, excluidos los haberes ocasionales.</p>



<p>↦&nbsp;&nbsp; Se pagará la gratificación mensual garantizada según el artículo 50 del Código del Trabajo. En este caso se asegura que cualquiera sea el monto de la remuneración del trabajador, siempre se pagara al tope de $83.121, lo que beneficia principalmente a los trabajadores más precarizados.</p>



<p>↦&nbsp;&nbsp;&nbsp; Los trabajadores que tengan contrato vigente desde cuatro meses a dieciocho meses, se cancelará como indemnización 2.5 días por mes trabajado, para el caso de los trabajadores que tengan contrato por obra o faena después de los cuatro meses se les pagará 2.5 días por mes hasta la vigencia del contrato.</p>



<p>↦&nbsp;&nbsp;&nbsp; Los trabajadores contamos con un seguro de muerte accidental o invalidez ascendente a 2.500 UF.</p>



<p>↦&nbsp;&nbsp;&nbsp; Cumplimiento a la Ley 19.404 sobre trabajo pesado.</p>



<p>↦&nbsp;&nbsp;&nbsp; Seguro Complementario de Salud.</p>



<p>↦&nbsp;&nbsp;&nbsp; Becas escolares para nuestros hijos.</p>



<p>↦&nbsp;&nbsp;&nbsp; Fondo Único de vivienda concursable.</p>



<p>↦&nbsp;&nbsp;&nbsp; Sueldos pisos de $ 300.000.-</p>



<p>↦&nbsp;&nbsp;&nbsp; Un bono anual que incluye un&nbsp;bono&nbsp;de asistencia cuatrimestral y un&nbsp;bono&nbsp;por producción anual y que suma en total desde 2013 de $ 1.000.000.- Este bono se reajusta según el IPC y es imponible.</p>

<p>Los logros históricos de la Confederación de Trabajadores del Cobre (CTC) La evidencia nos ha demostrado que,&nbsp;mientras los trabajadores sigamos avanzando en organización, lucha y unidad; los logros y reivindicaciones &hellip; </p>
