{"id":497,"date":"2019-11-18T19:26:03","date_gmt":"2019-11-18T19:26:03","guid":{"rendered":"http:\/\/www.ctc2018.cl\/?page_id=497"},"modified":"2024-04-25T17:03:47","modified_gmt":"2024-04-25T21:03:47","slug":"archivo-digital","status":"publish","type":"page","link":"https:\/\/www.confederaciondelcobre.cl\/index.php\/archivo-digital\/","title":{"rendered":"Archivo"},"content":{"rendered":"\n<hr class=\"wp-block-separator has-css-opacity\"\/>\n\n\n\n<h4 class=\"wp-block-heading\"><a href=\"http:\/\/archivoconfecobre.cl\/\">Archivo de prensa de la Confederaci\u00f3n de Trabajadores del Cobre.<\/a><\/h4>\n\n\n\n<p>En el sitio <a href=\"http:\/\/archivoconfecobre.cl\/\"><strong>archivoconfecobre.cl<\/strong><\/a> se encuentra el Archivo de publicaciones web de la&nbsp;<strong>Confederaci\u00f3n de Trabajadores del Cobre<\/strong>. All\u00ed podr\u00e1s consultar, en formato de solo texto y ordenadas por fecha, publicaciones y notas de prensa hechas en (este) nuestro sitio principal durante el a\u00f1o en curso y anteriores.<\/p>\n\n\n\n<p><strong>Nota:<\/strong>\u00a0aqu\u00ed, en nuestro sitio principal <a href=\"http:\/\/www.confederaciondelcobre.cl\/\"><strong>confederaciondelcobre.cl<\/strong><\/a>, encontrar\u00e1s publicaciones del a\u00f1o en curso y del a\u00f1o pasado (2024-2023). Las publicaciones hechas con anterioridad han sido trasladadas a nuestro Archivo de prensa en l\u00ednea.<\/p>\n\n\n\n<hr class=\"wp-block-separator has-css-opacity\"\/>\n\n\n\n<h4 class=\"wp-block-heading\"><a href=\"https:\/\/issuu.com\/confecobre\">Archivo digital del peri\u00f3dico <\/a><em><a href=\"https:\/\/issuu.com\/confecobre\">&#8220;El despertar de la miner\u00eda&#8221;<\/a><\/em>, un medio de comunicaci\u00f3n impreso de la Confederaci\u00f3n de Trabajadores del Cobre entre los a\u00f1os 2013 y 2016.<\/h4>\n\n\n\n<div class=\"wp-block-media-text alignwide is-stacked-on-mobile\" style=\"grid-template-columns:32% auto\"><figure class=\"wp-block-media-text__media\"><img loading=\"lazy\" decoding=\"async\" width=\"416\" height=\"554\" src=\"http:\/\/www.confederaciondelcobre.cl\/wp-content\/uploads\/2019\/11\/ElDespertarDeLaMineria.png\" alt=\"\" class=\"wp-image-547 size-full\" srcset=\"https:\/\/www.confederaciondelcobre.cl\/wp-content\/uploads\/2019\/11\/ElDespertarDeLaMineria.png 416w, https:\/\/www.confederaciondelcobre.cl\/wp-content\/uploads\/2019\/11\/ElDespertarDeLaMineria-225x300.png 225w\" sizes=\"auto, (max-width: 416px) 100vw, 416px\" \/><\/figure><div class=\"wp-block-media-text__content\">\n<ul class=\"wp-block-list\">\n<li>Edici\u00f3n <a href=\"https:\/\/issuu.com\/confecobre\/docs\/junio-julio_2016\">Junio-Julio de 2016<\/a><\/li>\n\n\n\n<li>Edici\u00f3n <a href=\"https:\/\/issuu.com\/confecobre\/docs\/noviembre-diciembre_2015\">Noviembre-Diciembre de 2015<\/a><\/li>\n\n\n\n<li>Edici\u00f3n <a href=\"https:\/\/issuu.com\/confecobre\/docs\/marzo-abril_2015\">Marzo-Abril de 2015<\/a><\/li>\n\n\n\n<li>Edici\u00f3n <a href=\"https:\/\/issuu.com\/confecobre\/docs\/marzo_2015\">Marzo de 2015<\/a><\/li>\n\n\n\n<li>Edici\u00f3n <a href=\"https:\/\/issuu.com\/confecobre\/docs\/junio_2014\">Junio de 2014<\/a><\/li>\n\n\n\n<li>Edici\u00f3n <a href=\"https:\/\/issuu.com\/confecobre\/docs\/enero_2014\">Enero 2014<\/a><\/li>\n\n\n\n<li>Edici\u00f3n <a href=\"https:\/\/issuu.com\/confecobre\/docs\/abril_2013\">Abril de 2013<\/a><\/li>\n<\/ul>\n<\/div><\/div>\n\n\n\n<hr class=\"wp-block-separator has-css-opacity\"\/>\n","protected":false},"excerpt":{"rendered":"<p>Archivo de prensa de la Confederaci\u00f3n de Trabajadores del Cobre. En el sitio archivoconfecobre.cl se encuentra el Archivo de publicaciones web de la&nbsp;Confederaci\u00f3n de Trabajadores del Cobre. All\u00ed podr\u00e1s consultar, &hellip; <\/p>\n","protected":false},"author":2,"featured_media":0,"parent":0,"menu_order":0,"comment_status":"closed","ping_status":"closed","template":"","meta":{"jetpack_post_was_ever_published":false,"footnotes":""},"class_list":["post-497","page","type-page","status-publish","hentry"],"jetpack_sharing_enabled":true,"post_mailing_queue_ids":[],"_links":{"self":[{"href":"https:\/\/www.confederaciondelcobre.cl\/index.php\/wp-json\/wp\/v2\/pages\/497","targetHints":{"allow":["GET"]}}],"collection":[{"href":"https:\/\/www.confederaciondelcobre.cl\/index.php\/wp-json\/wp\/v2\/pages"}],"about":[{"href":"https:\/\/www.confederaciondelcobre.cl\/index.php\/wp-json\/wp\/v2\/types\/page"}],"author":[{"embeddable":true,"href":"https:\/\/www.confederaciondelcobre.cl\/index.php\/wp-json\/wp\/v2\/users\/2"}],"replies":[{"embeddable":true,"href":"https:\/\/www.confederaciondelcobre.cl\/index.php\/wp-json\/wp\/v2\/comments?post=497"}],"version-history":[{"count":20,"href":"https:\/\/www.confederaciondelcobre.cl\/index.php\/wp-json\/wp\/v2\/pages\/497\/revisions"}],"predecessor-version":[{"id":4896,"href":"https:\/\/www.confederaciondelcobre.cl\/index.php\/wp-json\/wp\/v2\/pages\/497\/revisions\/4896"}],"wp:attachment":[{"href":"https:\/\/www.confederaciondelcobre.cl\/index.php\/wp-json\/wp\/v2\/media?parent=497"}],"curies":[{"name":"wp","href":"https:\/\/api.w.org\/{rel}","templated":true}]}}

<hr class="wp-block-separator has-css-opacity"/>



<h4 class="wp-block-heading"><a href="http://archivoconfecobre.cl/">Archivo de prensa de la Confederación de Trabajadores del Cobre.</a></h4>



<p>En el sitio <a href="http://archivoconfecobre.cl/"><strong>archivoconfecobre.cl</strong></a> se encuentra el Archivo de publicaciones web de la&nbsp;<strong>Confederación de Trabajadores del Cobre</strong>. Allí podrás consultar, en formato de solo texto y ordenadas por fecha, publicaciones y notas de prensa hechas en (este) nuestro sitio principal durante el año en curso y anteriores.</p>



<p><strong>Nota:</strong> aquí, en nuestro sitio principal <a href="http://www.confederaciondelcobre.cl/"><strong>confederaciondelcobre.cl</strong></a>, encontrarás publicaciones del año en curso y del año pasado (2024-2023). Las publicaciones hechas con anterioridad han sido trasladadas a nuestro Archivo de prensa en línea.</p>



<hr class="wp-block-separator has-css-opacity"/>



<h4 class="wp-block-heading"><a href="https://issuu.com/confecobre">Archivo digital del periódico </a><em><a href="https://issuu.com/confecobre">&#8220;El despertar de la minería&#8221;</a></em>, un medio de comunicación impreso de la Confederación de Trabajadores del Cobre entre los años 2013 y 2016.</h4>



<div class="wp-block-media-text alignwide is-stacked-on-mobile" style="grid-template-columns:32% auto"><figure class="wp-block-media-text__media"><img loading="lazy" decoding="async" width="416" height="554" src="http://www.confederaciondelcobre.cl/wp-content/uploads/2019/11/ElDespertarDeLaMineria.png" alt="" class="wp-image-547 size-full" srcset="https://www.confederaciondelcobre.cl/wp-content/uploads/2019/11/ElDespertarDeLaMineria.png 416w, https://www.confederaciondelcobre.cl/wp-content/uploads/2019/11/ElDespertarDeLaMineria-225x300.png 225w" sizes="auto, (max-width: 416px) 100vw, 416px" /></figure><div class="wp-block-media-text__content">
<ul class="wp-block-list">
<li>Edición <a href="https://issuu.com/confecobre/docs/junio-julio_2016">Junio-Julio de 2016</a></li>



<li>Edición <a href="https://issuu.com/confecobre/docs/noviembre-diciembre_2015">Noviembre-Diciembre de 2015</a></li>



<li>Edición <a href="https://issuu.com/confecobre/docs/marzo-abril_2015">Marzo-Abril de 2015</a></li>



<li>Edición <a href="https://issuu.com/confecobre/docs/marzo_2015">Marzo de 2015</a></li>



<li>Edición <a href="https://issuu.com/confecobre/docs/junio_2014">Junio de 2014</a></li>



<li>Edición <a href="https://issuu.com/confecobre/docs/enero_2014">Enero 2014</a></li>



<li>Edición <a href="https://issuu.com/confecobre/docs/abril_2013">Abril de 2013</a></li>
</ul>
</div></div>



<hr class="wp-block-separator has-css-opacity"/>

<p>Archivo de prensa de la Confederación de Trabajadores del Cobre. En el sitio archivoconfecobre.cl se encuentra el Archivo de publicaciones web de la&nbsp;Confederación de Trabajadores del Cobre. Allí podrás consultar, &hellip; </p>
